-11
Let u(m) = -1097*m**2 + 2197*m**2 - m - 1096*m**2 - 3. Let j(y) = -y**2 + 1. Let b(d) = -9*j(d) - 2*u(d). Determine b(2).
5
Let s(j) = j**3 + 18*j**2 - 19*j + 3. Suppose -3*t - 59 + 6 = -d, t = -5*d - 39. Give s(t).
3
Let r(q) = q + 1. Suppose -4*s - 5*s - 9 = 0. Let t(c) = -c + 1. Let g(v) = s*r(v) - 2*t(v). Let n(w) = -w - 1. Let u(d) = g(d) + 2*n(d). Determine u(4).
-9
Let h(x) be the second derivative of -5*x**3/3 + 4*x**2 - 288*x. Give h(0).
8
Suppose q - 7*q + 42 = 0. Let h(x) = -q*x + 171 - 84 - 86. Calculate h(-2).
15
Suppose -5*s = -4*i + 562, -4*i + 226 = 5*s - 316. Let p = -135 + i. Let x(c) = c**3 - 5*c**2 + c + 4. Determine x(p).
-11
Let d(m) = 16*m**2 + 46*m + 97. Let w(b) = -6*b**2 - 17*b - 32. Let u(n) = -4*d(n) - 11*w(n). Give u(-6).
18
Let m = -390 - -399. Let t(k) = -m - 16*k**2 - 5*k + 2 + 17*k**2 - k. Let x be 1/4 + 57/12. Calculate t(x).
-12
Let x(u) be the third derivative of -7*u**4/8 - 13*u**3/6 + 23*u**2 + 67*u. What is x(3)?
-76
Suppose 87*d - 92*d - 7*r = 34, 2*d - 4*r = 34. Let s(u) be the first derivative of u - 4/3*u**d - 32 + 1/2*u**2. Determine s(-1).
-4
Let o = -53 + 57. Suppose 0 = -3*t + 4*p + 13, o*t + 2*p - 16 - 16 = 0. Let d(v) = -v**2 + 5*v + 2. Determine d(t).
-12
Let u(l) = l**2. Let r(i) = -9*i**2 - 7*i - 30. Let q(k) = -r(k) - 11*u(k). What is q(7)?
-19
Let t(h) = -h**3 + 0*h**3 + 7 + 141207*h**2 - 141214*h**2. Suppose 0 = -2*r + 3*q, 3*r - q = -r + 10. Let x = r + -10. Give t(x).
7
Let t(g) = 42*g - 217. Let b be t(5). Let a(z) = z**2 + 13*z + 49. Determine a(b).
7
Let p(k) be the second derivative of -51*k**3/2 + 456*k**2 - 5068*k. Give p(6).
-6
Suppose 22 + 22 = 11*t. Let s(o) = 3*o**2 - 5*o + 29. Let w(b) = -b**2 + 2*b - 9. Let m(l) = 2*s(l) + 7*w(l). Determine m(t).
-5
Let w(v) be the second derivative of 5*v**3/6 - 25*v**2/2 + 1171*v. Determine w(11).
30
Let f(v) = -5*v - 1 - v + 3*v + 0. Let x = -1595 + 1590. Give f(x).
14
Suppose 3*y - 2 = -29. Let h(u) = 10*u**3 + 27*u**2 + 109*u - 30. Let i(c) = -3*c**3 - 9*c**2 - 31*c + 10. Let g(w) = 2*h(w) + 7*i(w). Determine g(y).
1
Let q(s) = -s**2 + 24*s - 84. Let b be q(18). Let a be (b/66)/((-2)/77*-7). Let h(u) = u**2 - 3*u + 7. Determine h(a).
5
Let w(l) = -4*l**3 + 15*l**2 - 12*l + 3. Let m(x) = 4*x**3 - 14*x**2 + 11*x - 2. Let i(d) = 9*m(d) + 8*w(d). Calculate i(4).
178
Let c(i) be the second derivative of -i**3 - 79*i - 1/2*i**2 + 0. Give c(2).
-13
Suppose 0 = -2*m + m - 2. Let d(c) be the third derivative of 0 + 29*c - 1/30*c**5 + 1/24*c**4 + c**2 + 1/3*c**3. Calculate d(m).
-8
Let n(c) = -12 + c**2 - 7 - c - c**3 + 8. Suppose 0*t = -t. Let f be (0/(4 - t))/(-2). Calculate n(f).
-11
Suppose 35*c = -38*c + 76*c - 18. Let v = -5 - -9. Let n(j) = 0*j + 6*j - 9 - v*j. Determine n(c).
3
Let t(j) = -j**3 + 19*j + 2. Let f be t(-5). Let s(o) = o + f - 40 + 1 + o**2 - 3*o. Determine s(4).
1
Let m(j) = 17 + 0*j - 34*j**2 + 116*j**2 - 43*j**2 - 7*j - 40*j**2. Determine m(-6).
23
Suppose -5*z + z + 180 = 0. Let t = 45 - z. Suppose 2*o - 25 = -3*o, 2*r + 4*o - 12 = t. Let q(w) = -w**3 - 4*w**2 + 4. Give q(r).
4
Let g = 3 - 5. Let f(h) = h**2 - 7*h + 4. Let b be f(0). Let n(j) = 22*j + b*j**2 + 22*j + 21*j + j**3 - 62*j. Calculate n(g).
2
Suppose 0 = -3*c - 13 + 73. Let x be c/(-3) + 55/33. Let k(m) = -m**2 - 7*m - 11. Determine k(x).
-1
Let s(g) = 2*g**2 + 10*g - 12. Suppose 5*f = -c, 0 = c + 6*f - 2*f - 1. Let l(d) = 3*d**2 + 15*d - 18. Let n(p) = c*l(p) - 7*s(p). Calculate n(-7).
8
Let t(q) be the third derivative of -q**6/360 - q**5/20 - q**4/12 - 77*q**3/6 - 71*q**2. Let f(b) be the first derivative of t(b). What is f(-5)?
3
Let m be 11/4 + 45/180. Let k(r) = -5 - 6 + m*r + 3 - r. Determine k(8).
8
Let i(c) = -86*c - 79. Suppose -v - 21 = -4*r, 0 = -5*v + 6*r - 9*r + 10. Give i(v).
7
Let a = 22168 - 22177. Let b(s) = -10*s + 39. Determine b(a).
129
Let b(t) = -28*t**2 + 27*t - 24. Let m(n) = 13*n**2 - 12*n + 11. Let q(d) = 6*b(d) + 13*m(d). Let g = -8 + 3. Calculate q(g).
-6
Let q(d) be the second derivative of d**5/20 + 7*d**4/3 - 21*d**3/2 - 47*d**2 - 5103*d. Calculate q(-30).
-4
Let f(p) = 20*p**3 - 1399 + 476 + 462 + 466 - 2*p. Let t(q) = -30*q**3 + 3*q - 8. Suppose 10 = v + v. Let n(z) = v*t(z) + 8*f(z). Determine n(1).
9
Let l(y) = -2*y**2 + 34*y + 82. Let n(g) = -g**3 + 47*g**2 + 202*g + 121. Let j be n(51). What is l(j)?
6
Let s(l) = -31*l + 2. Let t be (-2 + 2)/(-3 + 8). Calculate s(t).
2
Let j(o) = -5*o + 11 + 3*o - 6 - 6. Let r(h) = -5*h - 3. Let a(i) = -17*j(i) + 6*r(i). Determine a(2).
7
Let t(f) be the second derivative of -26*f**3/3 + 255*f**2/2 - 454*f - 1. Calculate t(5).
-5
Let w(d) = -d**3 - 3*d**2 - 8*d + 39. Let s(v) = 6*v**3 + 16*v**2 + 43*v - 194. Let g(u) = -2*s(u) - 11*w(u). Determine g(0).
-41
Let r(f) = -2*f - 13. Let k = 849 + -679. Suppose -132*q + 149*q = -k. Give r(q).
7
Let k(r) = -1 - 1 - 19*r + 102276674*r**2 - 102276676*r**2. Give k(0).
-2
Let a(d) = 1. Let f(o) = -o + 1. Suppose 0 = -6*n + 9*n - 5*l - 38, -5*n + 34 = -l. Let w be -1*2/(-4)*-14. Let y(b) = n*a(b) + w*f(b). What is y(-1)?
-8
Let w = -10 - -14. Let k(f) = 54*f - 9. Let s(l) = -7*l + 1. Let h(r) = 3*k(r) + 24*s(r). What is h(w)?
-27
Let d(f) be the first derivative of -f**4/4 + 26*f**3/3 - 27*f**2/2 + 37*f + 3582. What is d(25)?
-13
Let q(g) be the third derivative of g**6/120 - 7*g**5/20 - 11*g**4/12 - g**3/3 + 10*g**2 + 11*g. What is q(22)?
-2
Suppose y = 3*y + s - 6, -2*y = -s - 14. Let h(p) = -3*p**2 + 19*p + 17. Let w(q) = -q**2 + 10*q + 8. Let i(f) = y*w(f) - 2*h(f). Determine i(-11).
-5
Let s(j) = 2. Let k(m) = -7. Let i(h) = -k(h) - 4*s(h). Let g(d) = -d. Let z(f) = g(f) + 2*i(f). Calculate z(4).
-6
Let o(c) be the first derivative of c**4/4 + c**3 - c**2/2 + 7*c - 2020. Give o(-3).
10
Let k(n) be the first derivative of n**3/3 + 3*n**2 - 5*n - 2351. Suppose -5*f = -b + 16, 2*b + f = -1 - 0. Suppose 4 = -i - b. Determine k(i).
-10
Suppose 0 = -139*z + 144*z - 10. Let o(v) = -6*v**z - 5*v**3 - 1 + 6*v**3 - 1 + 6*v. Determine o(6).
34
Let m(j) = 2*j**3 + 16*j**2 + 4*j + 17. Let a be 3 + 326/(-30) + 4*(-7)/210. What is m(a)?
-15
Let r = -77 - -75. Let g(n) = n**2 + 11*n + 12. Let v(o) = 6*o**2 + 54*o + 64. Let l(f) = r*v(f) + 11*g(f). Calculate l(8).
44
Let t(j) = j**3 + 8*j**2 + j - 3. Let b = -217 + 230. Let f(u) = u**2 - 24*u + 135. Let x be f(b). Give t(x).
-11
Let c(q) = -26*q**2 + 40*q + 181. Let r(x) = 21*x**2 - 41*x - 178. Let v(t) = 4*c(t) + 5*r(t). What is v(48)?
-22
Let t(n) = 7*n**2 + n. Suppose -3*o = -8*o - i - 346, 0 = 2*i + 2. Let d = -70 - o. Give t(d).
6
Let i(s) = -s**2 + 9*s - 7. Let o = -558 - -329. Let x = o - -236. Give i(x).
7
Let z(i) = -i**2 + 5*i + 7. Let f(w) = 3*w**2 - 3*w - 6. Let j be f(3). Let k be (-7)/7 + j/2. What is z(k)?
7
Suppose -m + 55 = 51. Suppose -l - 4*v - 10 = 0, 2*v = -m*l + 6*v + 40. Let s(d) = d**2 - 4*d + 6. Give s(l).
18
Let k(q) = 38 - 415 - 39*q - 21 + 196. Give k(-5).
-7
Let w(p) = -41*p - 7. Let o(n) = -7*n - 1. Let q(x) = 6*o(x) - w(x). Suppose -2*h + 5*h = -15. Give q(h).
6
Let z(c) be the second derivative of c**6/120 - c**5/12 - 5*c**3/6 - 37*c**2/2 - 38*c. Let k(j) be the first derivative of z(j). Determine k(4).
-21
Let r(j) = j**2 - 4*j - 163. Suppose c + 58 = -5*t + 83, 2*c - 32 = -t. Give r(c).
2
Let w(u) = -3*u - 2. Suppose -6*y + z = -2*y - 9, -2*y + 9 = z. Suppose y = 2*n - 5. Suppose -6 = n*o + 14. Give w(o).
13
Let c(w) = -2*w. Let z(s) = 10 - 3*s - 3 - 2 + 25. Let v be z(9). Let j be (2/9)/(v/27). Calculate c(j).
-4
Let u(y) = -y - 4. Let t(f) = 16*f. Let o be t(1). Suppose -6 - 66 = 9*x. Let m be (x/(-28))/1 + o/(-7). What is u(m)?
-2
Suppose 22 = -2*u + 10. Let i(p) be the first derivative of p**4/4 + 7*p**3/3 + 7*p**2/2 + 6*p - 149. Give i(u).
0
Let f(r) = -r**3 + 8*r**2 + 21*r - 162. Let l be f(8). Let k(q) = -5*q**2 + 16*q - 10. What is k(l)?
-94
Let v(u) = u - 177 + 196 - 6*u**2 + u**3 - 27*u - 4*u**2. Give v(12).
-5
Let k(w) = -9*w**3 + 17*w**2 - 65*w + 25. Let x(o) = 5*o**3 - 9*o**2 + 34*o - 15. Let p(l) = -6*k(l) - 11*x(l). Give p(-6).
27
Let j(l) = -7*l**3 + 2*l**2 + 56*l. Let c(b) = 19*b**3 - 6*b**2 - 154*b - 1. Let u(v) = 4*c(v) + 11*j(v). Calculate u(3).
-49
Let a(i) be the second derivative of 1/2*i**2 - i + 1/3*i**3 - 3. Give a(-4).
-7
Let n(o) = -o**3 - 4*